reatest common divisor of 5896 and 2860.
44
Calculate the highest common factor of 108953 and 3161.
29
What is the greatest common factor of 11 and 156431?
11
Calculate the highest common divisor of 2280 and 243276.
228
What is the greatest common factor of 4640 and 8096?
32
What is the highest common factor of 688584 and 312?
312
What is the highest common divisor of 11235 and 4431?
21
What is the greatest common divisor of 3069 and 98549?
341
What is the highest common divisor of 75263 and 3431?
73
Calculate the greatest common divisor of 522 and 22852.
58
What is the highest common divisor of 5 and 16925?
5
Calculate the highest common divisor of 140668 and 828.
92
What is the highest common factor of 82 and 1754267?
41
Calculate the greatest common divisor of 250 and 170560.
10
What is the highest common factor of 17922 and 72?
6
Calculate the highest common factor of 289 and 1340093.
289
Calculate the highest common factor of 24256 and 256.
64
What is the highest common factor of 335101 and 52?
13
What is the greatest common factor of 22 and 112596?
22
Calculate the greatest common factor of 266510 and 1450.
290
What is the highest common divisor of 1971 and 117?
9
What is the highest common factor of 99 and 9548?
11
What is the highest common divisor of 972 and 2304?
36
What is the highest common divisor of 9400 and 200?
200
What is the greatest common divisor of 1597 and 25?
1
What is the greatest common divisor of 1357496 and 56?
56
Calculate the greatest common divisor of 358 and 800846.
358
Calculate the highest common divisor of 32549 and 132.
11
Calculate the greatest common divisor of 1695 and 20566.
113
Calculate the highest common divisor of 1092 and 5397756.
1092
What is the greatest common divisor of 1974 and 22842?
282
Calculate the greatest common divisor of 45 and 5013.
9
What is the greatest common factor of 669 and 80503?
223
What is the highest common divisor of 3587 and 1785?
17
What is the highest common divisor of 221 and 68289?
221
What is the highest common factor of 62440 and 1260?
140
Calculate the greatest common factor of 84142 and 68.
2
What is the greatest common factor of 97146 and 70?
14
What is the greatest common divisor of 177 and 405271?
59
Calculate the highest common factor of 11262 and 48.
6
What is the greatest common divisor of 24 and 241352?
8
What is the greatest common factor of 242 and 5126?
22
What is the greatest common divisor of 2555412 and 1708?
244
Calculate the highest common divisor of 356 and 2631908.
356
What is the highest common factor of 52000 and 240?
80
Calculate the greatest common factor of 48 and 35124.
12
What is the greatest common divisor of 1661 and 594?
11
Calculate the greatest common factor of 988 and 1663298.
494
Calculate the highest common factor of 146602 and 46.
46
What is the greatest common factor of 19 and 17233?
19
What is the highest common divisor of 11 and 57354?
11
What is the highest common divisor of 2227377 and 141?
141
Calculate the greatest common factor of 416 and 53600.
32
Calculate the highest common divisor of 63 and 539553.
21
Calculate the highest common divisor of 36478 and 5083.
299
Calculate the greatest common divisor of 125563 and 307.
307
What is the greatest common factor of 150 and 3370?
10
Calculate the highest common factor of 10215 and 87.
3
Calculate the highest common factor of 176 and 7942.
22
What is the highest common divisor of 148 and 61198?
74
What is the greatest common factor of 86 and 100018?
86
What is the greatest common factor of 4005 and 3960?
45
What is the greatest common divisor of 14 and 331842?
14
What is the greatest common divisor of 4301 and 6171?
187
Calculate the greatest common divisor of 20 and 129810.
10
Calculate the highest common factor of 8120 and 595.
35
What is the highest common factor of 477413 and 171?
19
Calculate the highest common divisor of 290790 and 81.
81
Calculate the highest common divisor of 78097 and 29.
29
What is the highest common divisor of 7857 and 679?
97
Calculate the highest common factor of 138332 and 4.
4
What is the highest common divisor of 213060 and 34840?
1340
Calculate the highest common factor of 24300 and 210.
30
Calculate the greatest common divisor of 3038 and 186.
62
What is the highest common factor of 13258 and 14?
14
Calculate the highest common divisor of 108607 and 335.
67
Calculate the highest common factor of 89256 and 48.
24
Calculate the highest common factor of 134786 and 76.
38
Calculate the highest common divisor of 749 and 21.
7
What is the highest common divisor of 83016 and 1608?
24
What is the highest common factor of 600 and 91950?
150
What is the highest common factor of 815 and 1767409?
163
Calculate the greatest common divisor of 21912 and 1056.
264
Calculate the highest common divisor of 828325 and 425.
425
Calculate the highest common divisor of 87660 and 990.
90
Calculate the highest common factor of 4551 and 99789.
111
Calculate the highest common divisor of 79716 and 42.
42
What is the highest common factor of 84594 and 138?
138
Calculate the highest common divisor of 48 and 18201.
3
What is the highest common divisor of 240 and 8744?
8
What is the highest common factor of 36712 and 432?
8
Calculate the greatest common factor of 139263 and 8235.
183
Calculate the highest common divisor of 29097 and 27.
9
What is the highest common divisor of 71765 and 2480?
155
What is the greatest common factor of 62712 and 264?
24
Calculate the highest common divisor of 271331 and 502.
251
What is the greatest common factor of 466353 and 27?
9
What is the highest common divisor of 414 and 40434?
138
Calculate the highest common divisor of 11400 and 105108.
228
Calculate the greatest common divisor of 79382 and 152.
38
What is the greatest common divisor of 338770 and 760?
190
What is the greatest common factor of 6795531 and 333?
333
Calculate the greatest common factor of 9152452 and 76.
76
What is the greatest common factor of 447318 and 18?
18
Calculate the greatest common factor of 3060 and 1164060.
180
What is the highest common divisor of 10431 and 1220?
61
What is the greatest common divisor of 511 and 1211?
7
Calculate the greatest common factor of 1052699 and 179.
179
Calculate the greatest common divisor of 3500 and 16.
4
Calculate the greatest common factor of 467045 and 290.
145
Calculate the highest common divisor of 3065 and 5130.
5
What is the greatest common divisor of 451461 and 183?
183
What is the greatest common factor of 1932 and 33740?
28
What is the highest common divisor of 675 and 125?
25
Calculate the greatest common divisor of 442 and 17306.
34
What is the highest common divisor of 9254 and 4382?
14
Calculate the greatest common divisor of 20949 and 6.
3
What is the highest common divisor of 1475554 and 226?
226
What is the highest common factor of 142924 and 4?
4
Calculate the greatest common factor of 717430 and 1036.
518
What is the greatest common factor of 50960 and 1300?
260
Calculate the greatest common divisor of 168 and 339780.
84
What is the highest common factor of 129923 and 173?
173
What is the greatest common factor of 17058 and 6?
6
Calculate the highest common factor of 91419 and 31.
31
Calculate the greatest common factor of 1653561 and 2808.
351
Calculate the highest common factor of 9998 and 4.
2
What is the highest common divisor of 531 and 20827?
59
Calculate the greatest common divisor of 5076 and 6264.
108
What is the highest common factor of 600 and 7464?
24
What is the greatest common divisor of 6745 and 1520?
95
What is the greatest common divisor of 78166 and 66?
22
What is the greatest common factor of 489930 and 504?
42
Calculate the greatest common factor of 213 and 1180091.
71
What is the greatest common factor of 1252 and 431314?
626
What is the greatest common divisor of 1194134 and 146?
146
What is the highest common divisor of 121 and 233409?
121
Calculate the greatest common factor of 377566 and 5215.
1043
What is the highest common divisor of 3848278 and 434?
434
What is the highest common factor of 476 and 296956?
68
Calculate the greatest common divisor of 2156 and 4822972.
2156
Calculate the highest common divisor of 1767 and 1691.
19
What is the highest common divisor of 24250 and 2134?
